 + 4 = 0. Is (-229 - -6)/(-2 - o) composite?
False
Let m = 31 + -19. Suppose -6*y + 3*y = -m. Suppose y = -d + 66. Is d prime?
False
Suppose b = 5*g - 7131, 2*b - 1143 = 4*g - 6843. Let v = g - 854. Is v composite?
True
Let y = 2309 - -19068. Is y a composite number?
False
Suppose 2*i - 4*i - g + 2149 = 0, -3222 = -3*i - g. Is i a prime number?
False
Let h = -3 + 6. Suppose -9 = -0*d - h*d. Suppose -2*t + 786 = 3*g - d*t, 0 = -4*g + 2*t + 1046. Is g a prime number?
True
Suppose 3*c = 9*c - 34548. Is c a composite number?
True
Let t(z) be the second derivative of 56*z**4/3 - 19*z**2/2 + 14*z. Is t(-5) a prime number?
True
Suppose -10*v + 26893 = -16687. Is v composite?
True
Let p = -2783 - -4882. Is p composite?
False
Let l = 8 - 2. Let h be (11 - -1) + l/(-3). Let n(x) = 5*x**2 - 14*x + 11. Is n(h) a prime number?
False
Suppose -70*l + 34118 = -56*l. Is l a prime number?
True
Is 108/(-270) + 338781/15 a prime number?
False
Suppose 69*y - 843233 = 40*y. Is y a prime number?
True
Suppose 0 = 17*a - 211730 - 10001. Is a a composite number?
False
Is 748 + -1 - (-47 + 3)/(-11) a prime number?
True
Suppose 3*g - 6 = 3. Suppose -g*a + a - p = -10, 3*a - 4*p - 15 = 0. Let h(b) = -b**3 + 10*b**2 - 4*b + 6. Is h(a) a composite number?
True
Suppose 8225 = 9*z - 4*z - 5*g, -9 = 3*g. Is z composite?
True
Is 1/((-248820)/(-62204) + -4) a composite number?
False
Let j = 1055 + -564. Is j prime?
True
Let h(a) be the second derivative of a**5/20 + a**4/12 + a**3/6 + 5*a**2/2 + 5*a. Let u be h(0). Let s(c) = 2*c**3 - 6*c**2 + 7*c - 1. Is s(u) a prime number?
False
Let o(j) = j**3 + 20*j**2 + 11*j - 1. Let c be 9/36 - (-146)/(-8). Is o(c) prime?
True
Let b(r) = -r**2 + 91. Suppose 2*s = -2*s. Is b(s) a composite number?
True
Let q(f) = 221*f**2 + 134*f - 656. Is q(5) a composite number?
True
Suppose -2*g - i + 7529 = 4*i, 0 = 4*g - 4*i - 15128. Is g a prime number?
False
Let g = 1307 - -974. Is g a prime number?
True
Suppose c = l - 2*c - 154, 0 = 2*l - 2*c - 308. Is 2/((-14)/(-6141)) - 44/l composite?
False
Let j(v) = 135*v**3 + 9*v**2 - 20*v + 45. Is j(7) composite?
True
Let w = 4 - 0. Suppose -8*y = -w*y - 3868. Is y a composite number?
False
Suppose 0 = -9*a + 6 + 12. Suppose 3*z + 0*z + 5*u = 2543, a*z = -u + 1700. Is z prime?
False
Let y(m) be the third derivative of m**7/2520 - m**6/60 - m**5/120 + m**4/24 - 6*m**2. Let b(a) be the second derivative of y(a). Is b(-8) a composite number?
True
Let w(a) = 183*a + 197. Is w(48) a composite number?
True
Suppose 3*v + 10*u = 6*u + 22711, 4*u + 7581 = v. Is v a composite number?
False
Let c be (3/((-6)/(-4)))/(3/3). Suppose -1268 = -2*w - c*r, 1271 = 2*w + r - 2*r. Is w prime?
False
Let v = -8 + 15. Suppose n = -5*g - 5 - v, 3*n = -3*g - 12. Is (n - -3 - 0)*307 a composite number?
False
Let h be (-3)/6*6 + -104. Let z = 258 + h. Let l = -98 + z. Is l prime?
True
Let k(x) = -x**3 + 17*x**2 - 4*x + 1. Let j be k(14). Let u = -295 + j. Is (2 + -3)/((-2)/u) composite?
True
Let n = 1292 + -645. Suppose 4*v - n = -5*s, -3*s = -3*v + 148 + 344. Is v a composite number?
False
Let p = -5084 - -8509. Let k = p - 1092. Is k a prime number?
True
Let i(t) = 20*t**3 + 7*t**2 + 41*t - 59. Is i(15) a composite number?
True
Let a(d) be the second derivative of -16*d**3/3 + 3*d**2/2 + 4*d. Is a(-23) prime?
True
Let h = -40 - -44. Suppose -h*l + 133 = -1455. Is l prime?
True
Let g(z) = 150*z**2 + 2*z - 3. Let p be g(1). Let r = p + 1212. Is r composite?
False
Let s = -14 + 23. Suppose -7*o = -s*o + 478. Is o composite?
False
Let p(r) be the first derivative of 59*r**2/2 - 7*r + 4. Is p(6) a prime number?
True
Suppose 30*a - 419146 = -134416. Is a composite?
False
Suppose 4*p - 8490 = 4162. Is p prime?
True
Let f(c) = c + 4. Let b be f(-2). Suppose -x + 1256 = -2*k + 3*k, b*x + 3*k = 2509. Is x prime?
True
Let w(r) = -291*r + 2. Let h(o) = -97*o + 1. Let n(x) = 11*h(x) - 4*w(x). Is n(4) a composite number?
True
Suppose -c + 529 = 2*u, 0*c = 4*c + 20. Suppose -2*r + u = r. Is r a prime number?
True
Let f be 50/(-20)*(-4)/10. Is f/(-1 - 1720/(-1718)) a prime number?
True
Let z be (2/4)/(2/8). Suppose z*k + 422 = 4*k. Is k a prime number?
True
Let n(i) = 8*i + 14. Let s(w) = -9*w - 13. Let b(p) = -3*n(p) - 2*s(p). Is b(-7) a composite number?
True
Let t be 3 + -2 + 4/(-4). Let y(a) = -2*a**2 - 2*a + 1901. Is y(t) prime?
True
Suppose -4*w + 3*k = -1266, -5*w = -3*k - 1488 - 96. Let l = -161 + w. Is l a composite number?
False
Suppose 7*d + 14 = 322. Let b(s) = -5*s**2 + 2*s - 3. Let y be b(-6). Let x = d - y. Is x a prime number?
True
Let y(r) = -4*r + 9. Let a be y(7). Let g = 23 + a. Suppose 0 = -q - g*q + 1085. Is q a prime number?
False
Suppose -20217 = -4*g - 5*c - 4463, -3*g - 5*c = -11813. Is g prime?
False
Let s = -464 - -1756. Let b = 2361 - s. Is b a composite number?
False
Let l(w) = w**3 - 2*w**2 + 3*w - 4. Let g be l(2). Suppose 7795 = 3*y + g*y. Is y composite?
False
Let s(w) = -w**2 + 4*w - 1. Let t be s(3). Suppose -2*l = -4*p - p + 20, t*l = -5*p + 20. Suppose c - 54 = -5*g, -6*g + p*g = -4*c - 4. Is g a composite number?
True
Let x(s) = 16*s**2 - 28*s + 59. Is x(21) a prime number?
False
Suppose -2*b = 4*k - 32, -3*k = -6*k + 5*b - 2. Suppose 2*s = 4*s - 1816. Is (s + k)*2/4 a composite number?
False
Let w = -709 - -1950. Let x = w - 742. Is x prime?
True
Let c(a) be the first derivative of 3*a**4/4 - a**3/2 + a**2/2 + a - 1. Let x(k) be the first derivative of c(k). Is x(5) prime?
True
Let a(g) be the first derivative of 18*g**3 - g - 1. Let l = -28 - -29. Is a(l) a composite number?
False
Let v(s) = -2*s + 10. Let a be v(5). Suppose 5*t + j - 35 = -a*j, 4*t + 4*j - 44 = 0. Is (-1 + (-3123)/t)*-2 prime?
False
Is 1948*(1 + 44/(-8) - -5) prime?
False
Let t(v) = -46*v - 547. Is t(-29) prime?
True
Suppose 4*t + 6 + 20 = -5*w, -2*w = t + 8. Is w/(-3)*(-7482)/(-4) composite?
True
Let f = 2019 - -716. Is f a prime number?
False
Suppose 30*f = 29*f + 9755. Is f a prime number?
False
Suppose -5*u = -158 - 1577. Is u a prime number?
True
Suppose -2*i - 44 = -6*i. Let c = 9 - i. Is 25 - (1 - (c - -3)) a composite number?
True
Let r(l) = -748*l**3 + 5*l**2 + 3*l - 1. Is r(-1) composite?
True
Let w = 2 - -3. Suppose -t + w*t = q + 664, -5*q + 3*t = 3235. Let a = 951 + q. Is a a composite number?
False
Let j(b) = 95*b - 13. Let k = 13 + -11. Let m be k/(2 + -1) + 4. Is j(m) prime?
True
Is 10332696/66*(-1 - (-15)/12) composite?
False
Let m(p) = -p**3 - 9*p**2 - 4*p + 6. Let t = -9 - -1. Let b be m(t). Let g = -19 - b. Is g a composite number?
False
Suppose -4*k - 3*m = 2468 - 6682, -k = 5*m - 1045. Is k prime?
False
Let m = -478 + 178. Let f = m - -595. Is f prime?
False
Let r be (-8)/16*3*-2. Let c be 2/(2/(-9)*-3). Suppose r*z = 3*y + 432, c*z - y = 3*y + 427. Is z composite?
False
Let x(k) = -9*k**2 + 4*k - 9. Let i be x(7). Let l = 6561 + i. Is l a prime number?
False
Let d = 1247 + -502. Is d composite?
True
Is (-16)/(-24) - (-831525)/45 composite?
True
Let m = 26473 - 3014. Is m a composite number?
False
Let a be 3*(-4)/((-36)/21). Suppose -a*u + 2*u = -1360. Suppose 3*g = 5*p - u, -p + 2*g = -5*p + 222. Is p a composite number?
True
Let b(j) = 2*j**3 - 5*j**2 - 5*j - 5. Let s be b(6). Let m = s - -300. Is m a composite number?
True
Suppose d - 7 = 5*d - 5*l, -42 = 4*d + 2*l. Let y(j) = -j**2 - 8*j + 1. Let i be y(d). Is i + 126 - 0/(-1) prime?
True
Let j(z) = 3*z**2 + 4. Let u be j(2). Let m = u - -123. Is m a prime number?
True
Let b = 27 + -17. Let o(r) = -r**2 + 17*r + 19. Is o(b) a composite number?
False
Let o = 16938 - 9685. Is o composite?
False
Let q = -1869 + 4918. Is q composite?
False
Let s be 918/10 + 3/15. Suppose 2*n = 2*x + 162 + s, -260 = 2*x + 4*n. Is -1 - 2 - -2 - x composite?
False
Suppose 5*s + 197 - 9764 = -f, 4*f = s + 38310. Is f a prime number?
False
Let t be ((-18)/15)/((-5)/50). Suppose 5*o = -5, 3*z - 2*z = -5*o - t. Let i(d) = -39*d - 14. Is i(z) a composite number?
True
Let x(r) = 200628*r - 373. Is x(2) a prime number?
False
Suppose -4*b + 22 = -2*u - 48, -4*b + 5*u = -79. Suppose -24 = -3*v + 135. Let n = v - b. Is n composite?
False
Let p(j) = j**2 + 11*j. Let v be p(-11). Suppose 0 = y - v - 3. Suppose -4*l + y*a + 79 = -0*l, 0 = -2*l - 2*a + 36. Is l composite?
False
Suppose 2970 = -5*b